s 94 a factor of 139574497?
False
Is 116985265 a multiple of 16?
False
Is 108 a factor of 77032654?
False
Does 2020 divide 600139980?
True
Does 1517 divide 29479861?
True
Is 384 a factor of 367649395?
False
Does 9 divide 19905678?
True
Does 2495 divide 6302370?
True
Is 172 a factor of 149194044?
False
Does 922 divide 24186826?
True
Is 143802063 a multiple of 5997?
True
Does 121 divide 859151341?
False
Is 112145804 a multiple of 47?
False
Is 254730060 a multiple of 195?
True
Does 1755 divide 316093619?
False
Is 15331315 a multiple of 23?
False
Is 2470 a factor of 500919434?
False
Does 350 divide 637984185?
False
Is 1254914136 a multiple of 7?
True
Does 8 divide 13773552?
True
Is 580 a factor of 2536254184?
False
Is 4902 a factor of 790655882?
False
Does 3 divide 5332485?
True
Is 1870465354 a multiple of 457?
True
Does 822 divide 4311198242?
False
Is 208 a factor of 53111702?
False
Is 141 a factor of 11870626?
False
Is 238346556 a multiple of 2350?
False
Is 12653276 a multiple of 51?
False
Does 408 divide 57700992?
True
Is 766698410 a multiple of 33?
False
Is 53706783 a multiple of 480?
False
Is 69781425 a multiple of 55?
False
Is 1607 a factor of 161484506?
False
Does 26 divide 15317819?
False
Does 189 divide 11287458?
True
Is 185 a factor of 189407238?
False
Is 1541470667 a multiple of 1061?
True
Is 38350324 a multiple of 4?
True
Is 509 a factor of 35121?
True
Is 289 a factor of 716460189?
True
Is 131259418 a multiple of 6?
False
Is 29993651 a multiple of 277?
False
Is 22 a factor of 119170879?
False
Is 1559885580 a multiple of 9390?
True
Does 81 divide 253615028?
False
Does 187 divide 508891515?
True
Is 1354 a factor of 1459490602?
False
Does 30 divide 107939550?
True
Does 2499 divide 187060146?
True
Does 263 divide 127628473?
False
Does 14 divide 330207511?
False
Does 34 divide 17022896?
False
Is 38 a factor of 1518760022?
True
Is 3464 a factor of 649000357?
False
Is 532282131 a multiple of 41?
True
Is 2037 a factor of 2780830920?
True
Is 42 a factor of 126203280?
True
Does 16 divide 45366624?
True
Does 222 divide 3812165?
False
Is 89 a factor of 9428967?
False
Is 204525711 a multiple of 39?
True
Is 209 a factor of 265297589?
False
Is 1841 a factor of 32675909?
True
Is 4 a factor of 8688638?
False
Is 17751643 a multiple of 7?
True
Is 1101655185 a multiple of 8805?
True
Is 7 a factor of 30757853?
True
Does 4240 divide 994253653?
False
Does 264 divide 11840602?
False
Is 46025472 a multiple of 768?
True
Is 2893 a factor of 2504259522?
False
Does 198 divide 8573886?
False
Does 585 divide 72999225?
True
Is 2187067048 a multiple of 157?
False
Does 4 divide 57166751?
False
Is 101902445 a multiple of 415?
False
Does 68 divide 274083928?
True
Is 19794680 a multiple of 5?
True
Is 161 a factor of 102781273?
True
Is 700975155 a multiple of 205?
True
Does 3596 divide 1297078766?
False
Is 30933772 a multiple of 2236?
False
Is 3893 a factor of 53904418?
False
Does 77 divide 10422058?
False
Is 2569044423 a multiple of 2123?
True
Does 11 divide 653501171?
False
Is 120 a factor of 149234880?
True
Is 175511349 a multiple of 9?
True
Is 1810 a factor of 169533942?
False
Is 22 a factor of 106400734?
True
Is 105925572 a multiple of 17?
True
Is 4631 a factor of 675736996?
True
Is 2468180333 a multiple of 219?
False
Is 1608 a factor of 16255272?
True
Is 25 a factor of 31113286?
False
Does 108 divide 17418888?
True
Does 517 divide 1404671094?
False
Is 596 a factor of 118233288?
True
Is 20 a factor of 77007080?
True
Does 8 divide 1802996864?
True
Does 99 divide 17036514?
True
Is 211866619 even?
False
Does 4 divide 23072734?
False
Is 7107942420 a multiple of 18?
True
Does 28 divide 968667588?
True
Does 3 divide 2198469?
True
Is 267 a factor of 2959695?
True
Does 1681 divide 303365027?
True
Does 13 divide 19021308?
False
Is 194861052 a multiple of 12?
True
Is 136 a factor of 272462443?
False
Is 3173862789 a multiple of 491?
True
Is 15593085 a multiple of 89?
False
Is 57932034 a multiple of 101?
False
Is 19 a factor of 4054235697?
False
Is 3649 a factor of 369599912?
True
Does 2649 divide 742229387?
False
Is 45 a factor of 2947050?
True
Is 43597895 a multiple of 115?
False
Does 300 divide 895892007?
False
Is 536936516 a multiple of 167?
False
Is 9800369 a multiple of 23?
True
Is 2701 a factor of 71310080?
False
Does 6 divide 340579698?
True
Is 57 a factor of 1762145310?
True
Is 91 a factor of 1451100247?
False
Does 177 divide 6168096?
True
Is 23842924 a multiple of 1860?
False
Is 94257678 a multiple of 2?
True
Is 92 a factor of 50357304?
True
Is 13583644 a multiple of 235?
False
Is 130 a factor of 11896040?
True
Does 85 divide 1280331200?
True
Does 803 divide 13055174?
True
Is 36 a factor of 984584880?
True
Does 132 divide 62952751?
False
Is 12 a factor of 91297656?
True
Is 250020925 a multiple of 4025?
True
Is 1741458961 a multiple of 32?
False
Does 4 divide 319563433?
False
Is 87 a factor of 199693449?
True
Does 2865 divide 2493662?
False
Is 216 a factor of 165755376?
True
Is 527655520 a multiple of 34?
True
Does 442 divide 63986726?
False
Is 698074312 a multiple of 14?
False
Does 12 divide 626916?
True
Does 341 divide 337520436?
True
Does 581 divide 91529578?
True
Is 315516775 a multiple of 407?
False
Does 18 divide 6029088851?
False
Is 48 a factor of 17006521?
False
Does 1670 divide 14821250?
True
Does 177 divide 14940877?
False
Is 9 a factor of 1048201954?
False
Does 81 divide 355629366?
True
Is 472332138 a multiple of 746?
True
Does 7449 divide 469562613?
True
Is 916 a factor of 152823608?
True
Is 5374079222 a multiple of 548?
False
Does 1613 divide 282108861?
True
Is 13221221 a multiple of 53?
True
Is 6 a factor of 81541338?
True
Is 2 a factor of 52223917?
False
Is 1546421641 a multiple of 483?
False
Is 20803595 a multiple of 5?
True
Is 5536423935 a multiple of 4515?
True
Is 1750 a factor of 88689597?
False
Is 69972093 a multiple of 11?
False
Does 6 divide 517178?
False
Is 179 a factor of 41068395?
False
Is 640585877 a multiple of 73?
True
Is 12733313 a multiple of 236?
False
Is 23 a factor of 920917654?
True
Is 55490000 a multiple of 248?
True
Is 492 a factor of 555183624?
True
Does 101 divide 3563748?
False
Is 3965 a factor of 1207441625?
True
Is 2496246115 a multiple of 1991?
True
Is 49346214 a multiple of 11?
False
Does 22 divide 36969746?
True
Is 156128091 even?
False
Does 946 divide 28674437?
False
Is 5219 a factor of 194016325?
True
Is 7243252 a multiple of 109?
False
Is 255 a factor of 83129910?
False
Does 6355 divide 2494510590?
False
Does 83 divide 60223385?
False
Is 34 a factor of 3747966788?
False
Is 67 a factor of 1081551678?
False
Is 17641909 a multiple of 4?
False
Does 61 divide 160000313?
False
Does 31 divide 154369788?
False
Is 2653666672 a multiple of 16?
True
Is 320 a factor of 30416023?
False
Does 275 divide 95830625?
True
Is 2766294 a multiple of 176?
False
Is 32 a factor of 1270617564?
False
Is 110228705 a multiple of 26?
False
Is 809 a factor of 165712445?
False
Does 122 divide 80161076?
True
Is 25 a factor of 36681650?
True
Is 2093958797 a multiple of 7441?
False
Is 107 a factor of 56087258?
False
Is 639 a factor of 127504782?
True
Is 25 a factor of 1125316550?
True
Does 3108 divide 483349944?
True
Is 158 a factor of 1033460864?
False
Is 9901553 a multiple of 32?
False
Is 72717606 a multiple of 327?
True
Is 5141819 a multiple of 385?
False
Is 188 a factor of 34406917?
False
Is 68514908 a multiple of 11?
True
Is 194 a factor of 43005144?
True
Does 452 divide 1342892?
True
Does 688 divide 1502695?
False
Does 7 divide 1445366?
False
Is 39 a factor of 138704668?
False
Is 161863054 a multiple of 168?
False
Is 748 a factor of 624867947?
False
Does 1486 divide 229377474?
True
Is 2816421253 a multiple of 249?
False
Is 143209833 a multiple of 7?
False
Is 628 a factor of 398145726?
False
Is 199 a factor of 1912532086?
True
Does 1000 divide 2208408925?
False
Is 34 a factor of 45785794?
True
Does 54 divide 115934?
False
Does 2247 divide 1384444110?
True
Is 216040849 a multiple of 1613?
False
Is 14 a factor of 355254802?
True
Does 90 divide 116381430?
True
Is 4826 a factor of 929865202?
False
Does 18 divide 6656028?
False
Is 81 a factor of 22625789?
False
Is 137449455 a multiple of 65?
True
Does 64 divide 83591360?
True
Is 31426670 a multiple of 11